{"id":924,"date":"2013-10-01T09:45:21","date_gmt":"2013-10-01T07:45:21","guid":{"rendered":"http:\/\/www.vacanzedintorni.it\/?page_id=924"},"modified":"2019-01-20T19:49:27","modified_gmt":"2019-01-20T18:49:27","slug":"pilastri-dellassociazione","status":"publish","type":"page","link":"https:\/\/www.vacanzedintorni.it\/?page_id=924","title":{"rendered":"Pilastri dell&#8217;Associazione"},"content":{"rendered":"<p>Ecco una breve presentazione delle persone che lavorano per l&#8217;Associazione:<\/p>\n<p><strong>NUNZIO<\/strong><\/p>\n<p>Boss indiscusso e carismatico. E&#8217; grazie alla sua perseveranza e capacit\u00e0 di contrattazione che riusciamo a contenere i costi delle varie iniziative. Infatti a lui compete di prendere i contatti con le Case Vacanza, le Aziende di trasporto e di Soggiorno, rendendo fattibile la programmazione dell\u2019Associazione, oltre che occuparsi dei necessari rendiconti a livello amministrativo (Provincia, Agenzia delle Entrate, Assicurazioni, ecc..). Fa il lavoro pi\u00f9 antipatico e noioso fra le varie incombenze che comportano il gestire l\u2019Associazione. Naturalmente si converte in accompagnatore e soccorritore marino durante le attivit\u00e0 estive, per la gioia delle sue sirenette.<\/p>\n<p><strong>ANNA<\/strong><\/p>\n<p>E\u2019&nbsp; una figura fondamentale, in quanto senza il suo continuo stimolo e perseveranza il boss non si metterebbe in moto. Svolge anche il compito di redigere i verbali, i bilanci e le sintesi necessarie per i contatti con le altre realt\u00e0. Si pu\u00f2 definire la mente dell\u2019Associazione perch\u00e9 senza le sue idee e progetti, che derivano dalla conoscenza dei ragazzi e dalla sua professione, saremmo alla deriva.<\/p>\n<p><strong>CLARA<\/strong><\/p>\n<p>Senza la sua capacit\u00e0 di tenerci tutti in riga durante i soggiorni e la sua instancabile presenza nelle camere saremmo un gregge confuso, sporco e arruffato, senza considerare quanto \u00e8 indispensabile per curare qualsiasi malanno del corpo e dell\u2019anima. La sua premura per i ragazzi va molto oltre il necessario, ma da brava infermiera deve avere tutto sotto controllo.<\/p>\n<p><strong>ENRICO<\/strong><\/p>\n<p>Il miglior giocatore di carte sul mercato, sa trasformare ogni momento libero, con la complicit\u00e0 dei maschi del gruppo, in una bisca pi\u00f9 o meno clandestina. A lui ci affidiamo per valutare la qualit\u00e0 del cibo e delle bevande, per procurare i viveri quando scarseggiano ma soprattutto per avviare contatti con gli altri gruppi in vacanza e avere una panoramica delle possibilit\u00e0 esistenti in ogni luogo di soggiorno, perch\u00e9 la sua loquacit\u00e0 ci garantisce rapidit\u00e0 nell\u2019ambientamento in ogni situazione.<\/p>\n<p><strong>LUCA<\/strong><\/p>\n<p>E\u2019 il nostro vicepresidente, molto amato dai ragazzi ma preso da mille attivit\u00e0 e spesso assente dalle iniziative, ma lavora nell\u2019ombra. A lui si deve la realizzazione del sito internet, la redazione di documenti e simboli grafici, quanto concerne il lavoro informatico e tutto quello che non comporti sforzi fisici, naturalmente.<\/p>\n<p><strong>AURA<\/strong><\/p>\n<p>E\u2019&nbsp; stata nostra mascotte, tutti i ragazzi e le ragazze l\u2019hanno vista crescere ed \u00e8 stata presente ai nostri soggiorni da quando era bambina fino all&#8217;et\u00e0 adulta. Lei li ricambia con il pensiero ma com&#8217;\u00e8 giusto, la sua vita ha preso una direzione diversa e non partecipa pi\u00f9 alle nostre iniziative con grande rammarico di tutti.<\/p>\n<p><strong>RENATO<\/strong><\/p>\n<p>Molto amato dai ragazzi per la sua disponibilit\u00e0 e capacit\u00e0 di sdrammatizzare, ci accompagna purtroppo solo al soggiorno invernale in quanto gli impegni familiari e di lavoro non gli consentono di pi\u00f9. Quando \u00e8 presente viene molto ricercato ed \u00e8 diventato una figura importante nell&#8217;Associazione !<\/p>\n<p><strong>GLI ALTRI<\/strong><\/p>\n<p>Tante le figure che ci hanno accompagnato nel nostro percorso e che qui vogliamo ricordare con affetto (<strong>FRANCESCA, AURELIA, CARLO, ELENA, MIRKO,&nbsp; CECILIA, CHIARA, MAURO, DEBORAH<\/strong> e tutti coloro che ci hanno aiutato nel corso degli anni) e ringraziarle per quanto hanno potuto dare&nbsp; di s\u00e8 alle attivit\u00e0 dell\u2019Associazione.<\/p>\n\n\n<h5 class=\"wp-block-heading\">ANCILLA E LUIGI <\/h5>\n\n\n\n<p> <br>Nuovi ingressi fra gli accompagnatori del gruppo sono stati molto apprezzati durante la vacanza  estiva a Lignano Sabbiadoro : ci auguriamo tutti che possano restare con noi anche nelle prossime iniziative!<\/p>\n\n\n\n<p><br><\/p>\n","protected":false},"excerpt":{"rendered":"<p>Ecco una breve presentazione delle persone che lavorano per l&#8217;Associazione: NUNZIO Boss indiscusso e carismatico. E&#8217; grazie alla sua perseveranza e capacit\u00e0 di contrattazione che riusciamo a contenere i costi delle varie iniziative. Infatti a lui compete di prendere i contatti con le Case Vacanza, le Aziende di trasporto e di Soggiorno, rendendo fattibile la [&hellip;]<\/p>\n","protected":false},"author":1,"featured_media":0,"parent":0,"menu_order":0,"comment_status":"closed","ping_status":"closed","template":"","meta":{"ngg_post_thumbnail":0,"footnotes":""},"class_list":["post-924","page","type-page","status-publish","hentry"],"_links":{"self":[{"href":"https:\/\/www.vacanzedintorni.it\/index.php?rest_route=\/wp\/v2\/pages\/924","targetHints":{"allow":["GET"]}}],"collection":[{"href":"https:\/\/www.vacanzedintorni.it\/index.php?rest_route=\/wp\/v2\/pages"}],"about":[{"href":"https:\/\/www.vacanzedintorni.it\/index.php?rest_route=\/wp\/v2\/types\/page"}],"author":[{"embeddable":true,"href":"https:\/\/www.vacanzedintorni.it\/index.php?rest_route=\/wp\/v2\/users\/1"}],"replies":[{"embeddable":true,"href":"https:\/\/www.vacanzedintorni.it\/index.php?rest_route=%2Fwp%2Fv2%2Fcomments&post=924"}],"version-history":[{"count":6,"href":"https:\/\/www.vacanzedintorni.it\/index.php?rest_route=\/wp\/v2\/pages\/924\/revisions"}],"predecessor-version":[{"id":2021,"href":"https:\/\/www.vacanzedintorni.it\/index.php?rest_route=\/wp\/v2\/pages\/924\/revisions\/2021"}],"wp:attachment":[{"href":"https:\/\/www.vacanzedintorni.it\/index.php?rest_route=%2Fwp%2Fv2%2Fmedia&parent=924"}],"curies":[{"name":"wp","href":"https:\/\/api.w.org\/{rel}","templated":true}]}}