{"id":733,"date":"2013-08-26T14:15:56","date_gmt":"2013-08-26T12:15:56","guid":{"rendered":"http:\/\/www.vacanzedintorni.it\/?page_id=733"},"modified":"2016-09-20T09:38:54","modified_gmt":"2016-09-20T07:38:54","slug":"chi-siamo","status":"publish","type":"page","link":"https:\/\/www.vacanzedintorni.it\/?page_id=733","title":{"rendered":"Chi siamo"},"content":{"rendered":"<p>L\u2019Associazione nasce formalmente nel 2005 a seguito dell\u2019introduzione di norme di legge che non consentono il volontariato libero, di fatto gi\u00e0 svolto da numerosi anni da alcune persone che accoglievano durante il proprio periodo di vacanza ragazzi diversamente abili con alcune difficolt\u00e0 di autonomia, inserendoli nel proprio ambito familiare e facendo con loro le normali attivit\u00e0 di una famiglia in vacanza.<\/p>\n<p>A seguito della crescita graduale delle richieste al nucleo originario si sono nel tempo aggiunti altri volontari che hanno consentito di rispondere alle necessit\u00e0. Nel 2005 \u00e8 stata fondata l\u2019Associazione, costituita da una decina di soci che a vario titolo prestano la propria attivit\u00e0 con i limiti derivanti dall\u2019essere tuttora lavoratori dipendenti e\/o professionisti, e quindi con una disponibilit\u00e0 temporale scarsa.<\/p>\n<p>Anche per questo l\u2019Associazione, pur essendo iscritta al Registro Provinciale del Volontariato, non \u00e8 in grado di andare oltre la propria specifica missione che, come descritto nello statuto di fondazione, vuole rappresentare una possibilit\u00e0 di sollievo per le famiglie dei ragazzi diversamente abili e contemporaneamente costituire per loro occasione di svago e divertimento in compagnia di adulti in grado di ascoltarli, e di instaurare con loro una relazione di fiducia e di accoglienza.<\/p>\n<p>Di fatto vengono organizzati due soggiorni per ogni anno, uno al mare nel periodo estivo della durata di 15 giorni e uno pi\u00f9 breve in montagna o al lago nel periodo invernale, di solito fra Capodanno e l\u2019Epifania, oltre a due ulteriori occasioni di incontro durante la primavera e l\u2019autunno per rinsaldare la relazione con i ragazzi gi\u00e0 conosciuti e per inserire gradualmente nel gruppo i nuovi arrivati.<\/p>\n<p>Attualmente i partecipanti alle nostre iniziative sono una ventina, provenienti da varie localit\u00e0 di Brescia e provincia, con inserimenti di nuovi utenti nella misura massima di 2 per ogni anno, che vanno a compensare le diverse scelte fatte ogni anno dai parenti o dalla stessa Associazione quando valuta incompatibile con il gruppo o con la propria possibilit\u00e0 di assistenza la partecipazione di alcuni soggetti.<\/p>\n<p>E\u2019 infatti necessario per noi valutare sia il grado di disabilit\u00e0 sia il numero degli accompagnatori disposti a regalare due settimane delle loro ferie, per svolgere, 24 ore al giorno, i compiti di assistenza previsti.<\/p>\n<p>Rispetto agli utenti delle nostre iniziative collaboriamo con l\u2019ASL &#8211;\u00a0 Servizio Disabilit\u00e0 sia per relazionare su quanto rilevato dalla convivenza con i ragazzi sia per ricevere le informazioni basilari necessarie per svolgere l\u2019attivit\u00e0 nella maniera pi\u00f9 rispettosa possibile delle capacit\u00e0 e dei limiti presenti in ciascuno di loro.<\/p>\n<p>E\u2019 una grande soddisfazione e compensazione per i soci di Vacanze e Dintorni ONLUS vedere i ragazzi felici ed entusiasti delle proposte attuate, mettendo in secondo piano anche i piccoli conflitti che si verificano ogni giorno e che risolviamo attraverso il dialogo e il confronto negli incontri quotidiani di programmazione.<\/p>\n<p><strong>Siamo ben consapevoli che quanto loro ci regalano durante la vacanza \u00e8 di molto superiore alla nostra offerta<\/strong>.<\/p>\n","protected":false},"excerpt":{"rendered":"<p>L\u2019Associazione nasce formalmente nel 2005 a seguito dell\u2019introduzione di norme di legge che non consentono il volontariato libero, di fatto gi\u00e0 svolto da numerosi anni da alcune persone che accoglievano durante il proprio periodo di vacanza ragazzi diversamente abili con alcune difficolt\u00e0 di autonomia, inserendoli nel proprio ambito familiare e facendo con loro le normali [&hellip;]<\/p>\n","protected":false},"author":1,"featured_media":0,"parent":0,"menu_order":0,"comment_status":"open","ping_status":"closed","template":"","meta":{"ngg_post_thumbnail":0,"footnotes":""},"class_list":["post-733","page","type-page","status-publish","hentry"],"_links":{"self":[{"href":"https:\/\/www.vacanzedintorni.it\/index.php?rest_route=\/wp\/v2\/pages\/733","targetHints":{"allow":["GET"]}}],"collection":[{"href":"https:\/\/www.vacanzedintorni.it\/index.php?rest_route=\/wp\/v2\/pages"}],"about":[{"href":"https:\/\/www.vacanzedintorni.it\/index.php?rest_route=\/wp\/v2\/types\/page"}],"author":[{"embeddable":true,"href":"https:\/\/www.vacanzedintorni.it\/index.php?rest_route=\/wp\/v2\/users\/1"}],"replies":[{"embeddable":true,"href":"https:\/\/www.vacanzedintorni.it\/index.php?rest_route=%2Fwp%2Fv2%2Fcomments&post=733"}],"version-history":[{"count":1,"href":"https:\/\/www.vacanzedintorni.it\/index.php?rest_route=\/wp\/v2\/pages\/733\/revisions"}],"predecessor-version":[{"id":734,"href":"https:\/\/www.vacanzedintorni.it\/index.php?rest_route=\/wp\/v2\/pages\/733\/revisions\/734"}],"wp:attachment":[{"href":"https:\/\/www.vacanzedintorni.it\/index.php?rest_route=%2Fwp%2Fv2%2Fmedia&parent=733"}],"curies":[{"name":"wp","href":"https:\/\/api.w.org\/{rel}","templated":true}]}}